and 36.
18
Let d(u) = -28*u + 18. Let m be d(-9). Let x be (10/(-4))/(m/(-1944)). What is the highest common factor of 234 and x?
18
Let t be (-3)/5 + 1912*11/220. Let k(i) = i**3 + 3*i + 2. Let b be -1 + 1 - (-3 + 0). Let r be k(b). Calculate the greatest common divisor of r and t.
19
Suppose 20 = j - 5*d, 6*d = -j + 7*d + 8. Suppose -r - 996 = -j*q, -q - 5*r + 0*r = -220. Calculate the greatest common factor of 50 and q.
50
Let w be 0 + 8 - (-1 + 316). Let o = w - -343. What is the greatest common divisor of o and 8?
4
Let x(f) = 537*f**3 - 2*f**2 + 1. Let s be x(-1). Let a = 772 + s. What is the greatest common divisor of a and 52?
26
Suppose 19*h - 921 - 664 = 2538. Calculate the highest common divisor of h and 961.
31
Let q(b) = -305*b - 1775. Let m be q(-6). Calculate the greatest common factor of 1485 and m.
55
Let r(f) = 3*f + 17. Suppose 62 = 3*j + 41. Let n be r(j). Let i be 28*(13 + -2) - 4. What is the highest common divisor of i and n?
38
Let n be (1 + 10)*-1 + 261. Calculate the greatest common factor of n and 7625.
125
Let i(t) = 2*t**2 - 8*t - 15. Let w(c) = 2*c**2 - 10*c - 16. Let k(l) = 6*i(l) - 5*w(l). Let b be k(3). What is the greatest common factor of 6 and b?
2
Suppose 2520213 = 578*f - 339153. What is the greatest common divisor of f and 136?
17
Let v = -159 + 175. Suppose i = -4*r - 3*i + 28, 4*i + 17 = 5*r. Suppose -4*w + r = -27. Calculate the greatest common divisor of v and w.
8
Suppose r = 133 + 37. Let n = r - 102. Let c be (-37 - (-43569)/1175) + 1*(-1269)/(-75). What is the highest common factor of c and n?
17
Suppose -31*a + 3295 = -27*a + u, -a = -4*u - 845. What is the highest common divisor of 11 and a?
11
Suppose 3*m + 348 = -3*d, 0 = -2*d + 4*m - 17 - 191. Let u be (d/6 - -1)/((-21)/126). Calculate the highest common divisor of u and 53.
53
Suppose -4*u + 28 = -4. Let p be -2*4/u + 81. Suppose -2*v + 44 = -4*g, 2*v + 2*v + 3*g - 55 = 0. What is the highest common divisor of v and p?
16
Let m(j) be the first derivative of j**4/4 + 3*j**3 + 4*j**2 + 18*j - 34. Let r be m(-8). Calculate the highest common factor of r and 162.
18
Let o = -8415 - -8703. What is the greatest common divisor of o and 1800?
72
Let f(q) = 178 + 136*q**2 - 4*q - 117 - 64. Let u = 3 + -5. Let l be f(u). Calculate the greatest common factor of l and 61.
61
Let b(c) = 2*c**2 - 20*c - 137. Let o be b(-11). Let f be 14 + 3/(2 + -5). Calculate the greatest common factor of o and f.
13
Suppose 4*w = 2*u - 3*u - 9, -3*u - 13 = -2*w. Let t be (32/5)/(8/(-20)*w). What is the highest common factor of t and 40?
8
Suppose 0 = 118*u - 53224 - 90264. What is the highest common factor of 38 and u?
38
Let j(k) = 62*k**2 + 48*k + 311. Let b be j(-9). What is the greatest common factor of 145 and b?
29
Suppose -5*q - 115 = -140. Suppose v + q*h - 10 = h, -4*v + 74 = -h. Calculate the greatest common factor of v and 18.
18
Suppose -1586 = -10*h + 2104. Let r be (2/(-5)*41)/(39/(-195)). What is the highest common factor of h and r?
41
Let k(q) = q**2 - 8*q - 8. Let p be k(10). Suppose 3*a = v - 13, 0 = -v + a + p + 11. Calculate the greatest common divisor of v and 16.
4
Suppose -n - 3*h = -237, 10*n = 14*n - 4*h - 916. Let b be (22 + 6)*(-6)/(-8). Calculate the highest common factor of b and n.
21
Suppose -38*r + 34*r = -1012. Calculate the greatest common divisor of 341 and r.
11
Suppose 18*l - 13*l + 124 = y, y - 3*l - 116 = 0. What is the greatest common divisor of 208 and y?
104
Suppose -i + 43*a + 6644 = 41*a, -5*i + 5*a = -33230. Calculate the greatest common factor of i and 48.
24
Let d = 545 + 127. Let z(w) = -w**3 + 66*w**2 + 431*w - 24332. Let l be z(67). What is the greatest common divisor of d and l?
56
Let k(y) = 43*y + 92. Let q be k(-11). Let x = q + 421. Calculate the greatest common divisor of x and 16.
8
Suppose 4*w + 12 = 0, -131 = 368*l - 370*l + 5*w. Calculate the highest common factor of l and 10382.
58
Suppose -2*x + 2 = -4*a + 10, -5*a + x + 10 = 0. Suppose -133 = -a*l + 327. What is the highest common divisor of 10 and l?
10
Suppose -2*t - 1 = 9. Let m be 252/t + 6/(-10). Let s = -26 - m. Calculate the highest common factor of s and 75.
25
Let j be 8 - 4 - -7 - 7. Suppose -5*s = -5*c + 335, 5*c - 356 = -6*s + j*s. Calculate the greatest common factor of c and 20.
10
Suppose -1594 = -z - 5*w, -8*w - 32 = -4*w. What is the highest common divisor of z and 38?
38
Let f be 2/(-2)*(-10 + 8). Suppose -4*n = -3*n + f. Let u be (-459 + (n - 1))/((-6)/4). What is the greatest common divisor of u and 44?
44
Suppose -2*k = 3*s + 2, -5*k + 48 = -s + 36. Let v be 61275/450 - k/12. What is the highest common divisor of 34 and v?
34
Suppose -d - 4 = 5*w + 1, 20 = 4*w - 4*d. Suppose w = -16*l + 19*l. Suppose 5*u - 97 + 47 = l. Calculate the greatest common divisor of u and 130.
10
Suppose -2*i = 3*i - 1530. Suppose 34*j = 28*j - i. Let y = -43 - j. What is the greatest common divisor of 12 and y?
4
Let x = 253 - 241. Let m be 3 + x/4 + (3 - -81). Calculate the greatest common factor of 72 and m.
18
Suppose -o + 4*o = -18. Let g = -6 - o. Let m be (-636)/(-14) + g + 63/(-147). What is the highest common factor of 9 and m?
9
Suppose -56*w = -13859 - 1149. Let p = -51 - -118. Calculate the greatest common factor of w and p.
67
Suppose 0 = -330*d + 329*d + c + 194, -5*d - 5*c + 990 = 0. What is the highest common factor of d and 10?
2
Suppose -o = -0*o - 15. Let k be 12/18 + 2048/(-12). Let i be 9/(45/(-25)) - k. Calculate the greatest common factor of o and i.
15
Let d be (1 - 51/5)/(11/(1705/(-62))). Suppose -3*x + 6 = 0, 0*o + o - 13 = 5*x. Calculate the highest common factor of o and d.
23
Suppose -3*x - 627 = -4*x. Let a be x/27 - (-2)/(-9). Suppose -6*q - a = -437. Calculate the highest common divisor of q and 46.
23
Suppose -2*o = -g - 8, -o + 4*g = 2*g - 7. Suppose 61*s = -o*s + 9856. Suppose 1 = 2*m - 27. Calculate the highest common factor of m and s.
14
Let n(m) = -7*m**3 + 4*m**2 + m - 5. Let z(s) = s**2 - 1. Let c(a) = -3*n(a) + 12*z(a). Let r be c(3). Calculate the greatest common factor of r and 11.
11
Let u be -7*(3 + (-51)/7). Let w = u - 12. Let f be (27/w)/(1/40). What is the greatest common divisor of 15 and f?
15
Let k = 6 - 13. Let n be 33/k - 22/77. Let f = 8 + n. What is the greatest common factor of 27 and f?
3
Let q = 33 + -24. Let c(n) = -2*n + 34. Let x be c(18). Let a be -4 + (x - -74 - -4). What is the highest common divisor of q and a?
9
Suppose 2 - 38 = -12*l. Suppose l*d + 2*z - 103 = 0, -3*d + 3*z = -2*z - 110. What is the greatest common factor of d and 7?
7
Let q be -6 + (-3 - -5) + (-4 - -10). Suppose 0*g + 22 = g + q*d, -65 = -2*g + 3*d. Calculate the greatest common divisor of g and 126.
14
Let p be (2 + (-18)/(-15))*(-17)/(-102)*15. Calculate the greatest common factor of 4936 and p.
8
Let j(r) = 2*r**2 - 3*r - 17. Let o be j(4). Suppose 3*f = 4*d - 121, 0 = o*d + 3*f - 2*f - 81. Calculate the highest common factor of d and 56.
28
Suppose -1223 = -i + q + 192, 2*q = -5*i + 7068. Calculate the highest common factor of i and 28.
14
Let p = 17 - 19. Let a be ((-144)/2)/(-3) - p. Let n = 1008 - 956. Calculate the highest common divisor of a and n.
26
Suppose 32 = 4*q, k - 1194 = 5*q + 76. What is the greatest common factor of k and 7074?
262
Let c(x) = -x + 43. Let l = 54 - 41. Let m be c(l). Suppose -33*o + m*o + 45 = 0. Calculate the greatest common factor of o and 105.
15
Let w be (-3)/(1 - 1/(-2)). Let t be w/(-4) - (-15)/30. Let x be ((-28)/(-8))/((-4)/(-8)). Calculate the highest common divisor of t and x.
1
Let g = -44 + 59. Suppose g*r = 13*r + 10. Suppose -r*a - 3 = 4*i - 7*i, -i - 5*a = -21. What is the greatest common divisor of i and 27?
3
Suppose 33*x + 19*x = -69*x + 29524. Calculate the greatest common factor of 4 and x.
4
Let p be 12/54 - (-1)/((-117)/(-4186)). What is the highest common divisor of 2388 and p?
12
Let l(k) = -k**3 - 16*k**2 + 123*k - 62. Let z be l(-22). What is the greatest common factor of 799 and z?
17
Suppose 5*v - 5*h + 1280 = 9440, -h + 19584 = 12*v. Suppose 4*s - 32 = 2*s. Calculate the greatest common divisor of v and s.
16
Suppose 2*h - 9 - 5 = -j, 4*j = -5*h + 59. Suppose -10*n + j = -6*n. Suppose 0 = -2*q - n, -6*u + u + 5*q = -35. What is the greatest common diviso